{"id":7,"date":"2018-07-10T13:09:43","date_gmt":"2018-07-10T11:09:43","guid":{"rendered":"https:\/\/dropshipprint.fr\/guide\/?page_id=7"},"modified":"2022-06-14T11:44:28","modified_gmt":"2022-06-14T09:44:28","slug":"cms","status":"publish","type":"page","link":"https:\/\/dropshipprint.fr\/guide\/debuter-print-on-demand\/cms\/","title":{"rendered":"Le POD avec les diff\u00e9rents CMS du march\u00e9"},"content":{"rendered":"<h1>Comment faire du Print On Demand avec un\u00a0CMS\u00a0?<\/h1>\n<h2>Vous n&rsquo;\u00eates ni webmaster ni\u00a0d\u00e9veloppeur, mais\u00a0vous voulez cr\u00e9er votre marque de v\u00eatements et vous lancer dans le Print On Demand\u00a0? Vous \u00eates au bon\u00a0endroit.<\/h2>\n<p>D\u00e9couvrez les meilleurs outils\u00a0pour faire d\u00e9coller votre projet.<\/p>\n<h3>Qu&rsquo;est-ce que le Print On Demand ?<\/h3>\n<p>L&rsquo;impression \u00e0 la demande ou <strong><a title=\"Print On Demand\" href=\"https:\/\/dropshipprint.fr\/guide\/debuter-print-on-demand\/\">POD<\/a><\/strong> est un processus de vente de produits personnalis\u00e9s, tels que des t-shirts, des sweats, des mugs&#8230;<\/p>\n<p>Les produits seront imprim\u00e9s par un prestataire et exp\u00e9di\u00e9s directement \u00e0 votre client sans que vous ayez \u00e0 bouger le petit doigt. Pas besoin d&rsquo;avoir une formation d&rsquo;imprimeur ou d&rsquo;\u00eatre un expert en informatique pour faire du e-commerce.<\/p>\n<p>Faites appel \u00e0 notre\u00a0plateforme\u00a0de Print On Demand localis\u00e9e en France, Dropshipprint. Choisissez le CMS de votre choix et transmettez-nous les commandes ! Nous livrons vos clients en marque blanche et g\u00e9rons pour vous l&rsquo;impression des textiles.<\/p>\n<h3>Que sont les CMS ?<\/h3>\n<p>Les CMS (content management system), ou SGC (syst\u00e8me de gestion de contenu) en fran\u00e7ais, sont des outils permettant de cr\u00e9er, g\u00e9rer et mettre \u00e0 jour des sites Internet.<\/p>\n<p>En effet, gr\u00e2ce \u00e0 ces plateformes, montez votre site de POD en un claquement de doigts. Entre autres, structurer le contenu de votre site tel que les pages, les articles ou les produits \u00e0 vendre sera d&rsquo;une simplicit\u00e9 remarquable.<\/p>\n<p>Faisant, pour la plupart, la diff\u00e9rence entre le contenu (les textes, les images&#8230;) et le contenant (le design du site web), vous pourrez r\u00e9diger vos textes, importer vos designs et modifier l&rsquo;aspect de votre boutique \u00e0 votre guise sans toucher au code informatique.<\/p>\n<p>Ces outils ont\u00a0la capacit\u00e9 de :<\/p>\n<ul>\n<li>Permettre \u00e0 leurs utilisateurs de\u00a0simultan\u00e9ment avoir acc\u00e8s\u00a0\u00e0 leur site,<\/li>\n<li>Mettre \u00e0 disposition une cha\u00eene \u00e9ditoriale puissante,<\/li>\n<li>G\u00e9rer le contenu de chaque utilisateur ind\u00e9pendamment,<\/li>\n<li>Vendre en ligne et encaisser des revenus.<\/li>\n<\/ul>\n<h3>Quels types de CMS existent ?<\/h3>\n<p>Actuellement, il en existe deux cat\u00e9gories\u00a0: les Open source et les Propri\u00e9taire.<\/p>\n<h4>Open source<\/h4>\n<p>Un CMS Open source est un outil gratuit et pouvant \u00eatre t\u00e9l\u00e9charg\u00e9 librement. Cependant, vous devrez ma\u00eetriser tout l&rsquo;aspect technique de mise en place d&rsquo;une boutique en ligne puisque vous en aurez la charge.<\/p>\n<p>Vous aurez \u00e0 coder une partie du programme informatique pour plus d&rsquo;efficience en ajoutant des extensions (modes de paiements, th\u00e8mes&#8230;) qui elles, en revanche, sont payantes. Vous devrez g\u00e9rer l&rsquo;h\u00e9bergement, le nom de domaine, les mises \u00e0 jour et autres param\u00e8tres techniques.<\/p>\n<p>Tr\u00e8s souvent, ceux qui optent pour cette option font appel \u00e0 une agence web pour s&rsquo;occuper de ses aspects tr\u00e8s techniques. Vous aurez acc\u00e8s \u00e0 de nombreux forums. Si vous rencontrez un souci, vous n&rsquo;aurez qu&rsquo;\u00e0 les consulter pour trouver les r\u00e9ponses \u00e0 vos questions.<\/p>\n<h4>Propri\u00e9taire<\/h4>\n<p>Le CMS propri\u00e9taire est recommand\u00e9 pour ceux qui souhaitent monter leur site sans avoir \u00e0 toucher au codage. En effet, ce dernier offre \u00e0 ses utilisateurs un abonnement mensuel (ou annuel) comprenant tous les services n\u00e9cessaires au bon fonctionnement de votre site.<\/p>\n<p>Sont compris, l&rsquo;h\u00e9bergement (en fonction de vos besoins), le nom de domaine, le support technique (code source fait sur-mesure par des experts d\u00e9veloppeurs), les mises \u00e0 jour automatis\u00e9es et autres. Vous ne serez jamais pleinement \u00ab\u00a0responsable\u00a0\u00bb de votre site internet. Vous serez en contact direct avec le webmaster qui se chargera de l&rsquo;\u00e9volution de votre site.<\/p>\n<p>Afin de ne pas perdre de temps avec la technique et de vous concentrer sur le marketing de votre marque, nous vous conseillons d&rsquo;utiliser un CMS propri\u00e9taire,\u00a0plus simple d&rsquo;utilisation et avec un service de maintenance \u00e0 votre disposition.<\/p>\n<h3>Quel est l&rsquo;int\u00e9r\u00eat d&rsquo;utiliser un syst\u00e8me de gestion de contenu ?<\/h3>\n<p>Notre avis sur le sujet est le suivant : monter soi-m\u00eame son site internet n&rsquo;est pas \u00e0 la port\u00e9e de tous. Surtout si vous ne ma\u00eetrisez pas la programmation informatique.<\/p>\n<p>Passer par un de ces outils (Open source ou Propri\u00e9taire) vous permettra de vous lancer dans la vente de produits \u00e0 personnaliser dans les plus brefs d\u00e9lais sans vous soucier de d\u00e9velopper par vous-m\u00eame votre site de A \u00e0 Z.<\/p>\n<p>Lors du lancement de leur marque en Print On Demand, les jeunes cr\u00e9ateurs se dirigent g\u00e9n\u00e9ralement vers ces outils. De cette fa\u00e7on, ils peuvent en peu de temps cr\u00e9er leur site, d\u00e9velopper leur image de marque et d\u00e9buter leur business dans les meilleures conditions.<\/p>\n<p>De plus, certains de ces outils sont compatibles avec Dropshipprint, notre plateforme de dropshipping. En passant par Dropshipprint, vous pourrez travailler avec un imprimeur comp\u00e9tent pr\u00eat \u00e0 imprimer vos produits \u00e0 votre place, mais aussi avec un fournisseur vendant des supports \u00ab\u00a0nu\u00a0\u00bb personnalisables de qualit\u00e9.<\/p>\n<p>Les CMS\u00a0vous permettent principalement de :<\/p>\n<ul>\n<li>Cr\u00e9er des pages sur votre site (mentions l\u00e9gales, qui sommes-nous, ADN de votre marque) ;<\/li>\n<li>Cr\u00e9er des fiches\u00a0produit ;<\/li>\n<li>Encaisser des ventes (stripe, paypal) ;<\/li>\n<li>Cr\u00e9er des contenus pour votre SEO (ou r\u00e9f\u00e9rencement naturel) \u00e0 travers d&rsquo;un blog.<\/li>\n<\/ul>\n<p>Ces outils offrent \u00e0 votre site l&rsquo;ergonomie et la personnalisation n\u00e9cessaire pour donner vie \u00e0\u00a0votre projet, mais cela suffit-il pour r\u00e9ussir en Print On Demand ?<\/p>\n<h3>Quels sont les inconv\u00e9nients d&rsquo;un CMS ?<\/h3>\n<p>Bien que ces plateformes de conception web pr\u00e9sentent de nombreux avantages et\u00a0vous aident\u00a0lors de la\u00a0cr\u00e9ation de votre site web, vous serez \u00e0 un moment ou \u00e0 un autre\u00a0limit\u00e9s dans vos actions.<\/p>\n<p>Malgr\u00e9 la gratuit\u00e9 des Open source, les fonctionnalit\u00e9s et mod\u00e8les qu&rsquo;ils offrent sont limit\u00e9s. Le niveau de personnalisation n&rsquo;est pas total. Vous aurez \u00e0 ajouter et donc \u00e0 acheter des extensions pour peaufiner votre site internet.<\/p>\n<p>Vous n&rsquo;\u00eates pas sans savoir qu&rsquo;un site ne se construit pas en une seule fois. Internet est en constante \u00e9volution et vous devrez donc apporter des modifications \u00e0 votre site.<\/p>\n<p>En effet, si vous d\u00e9cidez de cr\u00e9er votre boutique en ligne avec ces outils, il vous faudra penser \u00e0 votre business plan et donc \u00e0 votre budget. Vous gagnerez du temps lors du processus de cr\u00e9ation de votre site, mais pour b\u00e9n\u00e9ficier d&rsquo;une fonctionnalit\u00e9 optimale, il vous faudra investir.<\/p>\n<p>C&rsquo;est pourquoi certains optent pour un site vitrine plut\u00f4t qu&rsquo;une boutique pour commencer. Il est n\u00e9anmoins recommand\u00e9 d&rsquo;avoir un canal de vente solide si vous ne voulez pas seulement vendre, mais aussi monter votre propre business (la cr\u00e9ation de votre propre marque de v\u00eatements par exemple).<\/p>\n<p>De plus, d\u00fb \u00e0 l&rsquo;acc\u00e8s libre de ces outils et \u00e0 la forte croissance des sites de Print On Demand, vous devrez promptement devenir un expert ou faire appel \u00e0 une agence sp\u00e9cialis\u00e9e afin de vous d\u00e9marquer de la concurrence.<\/p>\n<p>Le Print On Demand est un secteur d&rsquo;activit\u00e9 tr\u00e8s concurrentiel. Si votre boutique en ligne et votre strat\u00e9gie marketing ne s\u00e9duisent pas les internautes, votre projet risque de rapidement tomber \u00e0 l&rsquo;eau.<\/p>\n<h3>Quels sont les CMS les plus populaires\u00a0du march\u00e9 ?<\/h3>\n<p>Le nombre de CMS ne manque pas, mais tous ne sont pas con\u00e7us pour le e-commerce. Alors comment choisir entre tous ces outils ? Dropshipprint a s\u00e9lectionn\u00e9 pour vous les CMS qui offrent un service performant en termes de conception et gestion web.<\/p>\n<p>Voici une petite pr\u00e9sentation de chacune d&rsquo;entre elles. N&rsquo;h\u00e9sitez pas \u00e0 lire nos articles plus d\u00e9taill\u00e9s aussi disponible sur notre blog Dropshipprint.<\/p>\n<h4>WordPress\/Woocommerce<\/h4>\n<p>WordPress \u00e0 vu le jour en 2004 et a donn\u00e9 naissance \u00e0 son extension<strong><a title=\"Wordpress + Woocommerce\" href=\"https:\/\/dropshipprint.fr\/guide\/debuter-print-on-demand\/cms\/wordpress\/\"> Woocommerce<\/a><\/strong>, sp\u00e9cifique au e-commerce, en 2011. WordPress est reconnu comme le plus complet et le plus performant des CMS. Proposant de nombreux modules, il est tr\u00e8s appr\u00e9ci\u00e9 des blogueurs et webmasters. WordPress est un CMS polyvalent puisqu&rsquo;il n&rsquo;est pas uniquement destin\u00e9 au e-commerce.<\/p>\n<p>De plus, c&rsquo;est le plus puissant du march\u00e9. Sensible au piratage, il offre une s\u00e9curit\u00e9 de pointe \u00e0 ses utilisateurs. WordPress est un Open source payant \u00e0 hauteur de 5 \u00e0 10 \u20ac par mois (h\u00e9bergement et nom de domaine inclus).<\/p>\n<p>En ce qui concerne l&rsquo;extension Woocommerce, consacr\u00e9e quant \u00e0 elle\u00a0au\u00a0e-commerce, elle a \u00e9t\u00e9 con\u00e7ue dans le but d&rsquo;aider\u00a0les petites et moyennes entreprises, utilisant WordPress, \u00e0 commercialiser leurs produits. Cette plateforme se place actuellement en t\u00eate du classement avec plus de 3 000 000 utilisateurs. Cependant, malgr\u00e9 son\u00a0succ\u00e8s, la prise en main est assez difficile comparer \u00e0 Shopify.<\/p>\n<h4>Shopify<\/h4>\n<p>Shopify a \u00e9t\u00e9\u00a0d\u00e9velopp\u00e9 en 2006\u00a0par un jeune Allemand\u00a0nomm\u00e9 Tobias L\u00fctke. Ce programme\u00a0avait pour objectif premier de permettre aux non-d\u00e9veloppeurs de vendre leurs cr\u00e9ations en ligne tr\u00e8s simplement.<\/p>\n<p>Aujourd&rsquo;hui, <strong><a title=\"shopify\" href=\"https:\/\/dropshipprint.fr\/guide\/debuter-print-on-demand\/cms\/shopify\/\">Shopify<\/a><\/strong> recense plus de 800 000 utilisateurs et est devenu une r\u00e9f\u00e9rence dans le march\u00e9 du e-commerce. Cet outil est un CMS\u00a0propri\u00e9taire payant (abonnement mensuel + commission sur les ventes).<\/p>\n<p>D\u00e9di\u00e9 sp\u00e9cifiquement aux sites de e-commerce, vous pourrez ouvrir votre site de e-commerce, promouvoir, vendre et exp\u00e9dier vos produits. Shopify int\u00e8gre toutes les fonctionnalit\u00e9s requises pour la cr\u00e9ation d&rsquo;une boutique en ligne telles que l&rsquo;e-mailing, les modes de paiement et de livraison et propose de nombreuses autres extensions (certaines gratuites, d&rsquo;autres payantes).<\/p>\n<p>Shopify est le seul \u00e0 offrir une forte inter-connectivit\u00e9 \u00e0 ses utilisateurs. Shopify reste abordable en termes de prix, mais revient rapidement on\u00e9reux.<\/p>\n<h4>Prestashop<\/h4>\n<p>Bruno L\u00e9v\u00eaque et Igor Schlumberger ont cr\u00e9\u00e9\u00a0en 2007\u00a0<strong><a title=\"Prestashop\" href=\"https:\/\/dropshipprint.fr\/guide\/debuter-print-on-demand\/cms\/prestashop\/\">Prestashop<\/a><\/strong>. Prestashop est au e-commerce ce que WordPress est au blogging. Cet outil\u00a0Open source gratuit propose plus de\u00a0300 fonctionnalit\u00e9s et modules et a\u00a0rencontr\u00e9 un v\u00e9ritable succ\u00e8s.<\/p>\n<p>Concurrent direct de Shopify, il reste la solution la plus accessible financi\u00e8rement avec WordPress. Gr\u00e2ce \u00e0 cet outil, vous \u00eates \u00e0 m\u00eame de g\u00e9rer vos produits et vos commandes sans pour autant avoir une formation en informatique. C&rsquo;est la seule interface proposant une personnalisation des statuts d&rsquo;exp\u00e9dition d\u00e9taill\u00e9s.<\/p>\n<p>Cependant, malgr\u00e9 la gratuit\u00e9 de cet outil et les nombreux modules mis \u00e0 votre disposition, pour r\u00e9aliser une personnalisation plus pouss\u00e9e de votre site web, vous devrez avoir un minimum de connaissances en informatique.<\/p>\n<h4>Magento<\/h4>\n<p>Plateforme de commerce \u00e9lectronique, <strong><a title=\"Magento\" href=\"https:\/\/dropshipprint.fr\/guide\/debuter-print-on-demand\/cms\/magento\/\">Magento<\/a><\/strong> a \u00e9t\u00e9 lanc\u00e9 en mars 2008 par Varien sur les bases de Framework Zend. Magento repr\u00e9sente aujourd&rsquo;hui 30 % du march\u00e9 total et compte plus de 250 000 utilisateurs.<\/p>\n<p>Un des avantages de Magento est qu&rsquo;il est auto-h\u00e9berg\u00e9 pour cr\u00e9er des boutiques en ligne. De plus, ses outils de r\u00e9f\u00e9rencement sont des plus performants.<\/p>\n<p>Ils permettent de modifier les URL, les balises META, les descriptions des pages, les titres et de gravir les \u00e9chelons du classement des moteurs de recherche. Cependant, bien qu&rsquo;il ait une interface propre, vous devrez \u00eatre un expert en codage pour une ma\u00eetrise totale de l&rsquo;outil.<\/p>\n<h4>Shop DSP<\/h4>\n<p>Les shops <strong><a title=\"Dropshipprint\" href=\"https:\/\/dropshipprint.fr\/guide\/\">DSP<\/a><\/strong> sont des shops\u00a0bas\u00e9s sur aucun CMS. Ils b\u00e9n\u00e9ficient de leur propre d\u00e9veloppement informatique con\u00e7u par nos webmasters. Ils ont \u00e9t\u00e9 \u00e9labor\u00e9s pour\u00a0optimiser\u00a0le SEO.<\/p>\n<p>Ces shops permettent de cr\u00e9er un site directement reli\u00e9 \u00e0 l\u2019atelier d&rsquo;impression en 10\/15 min. Ils g\u00e9n\u00e8rent pour vous les conditions de vente de base. Un produit cr\u00e9\u00e9 est automatiquement mis sur votre site et si une commande est pass\u00e9e, elle passe m\u00e9caniquement en production.<\/p>\n<p>Vous aurez moins de configuration \u00e0 faire et des th\u00e8mes pr\u00e9d\u00e9finis. Vous n&rsquo;aurez qu&rsquo;\u00e0 choisir votre logo et votre banni\u00e8re. Ces shops DSP sont disponibles \u00e0 deux prix : 19 \u20ac et 49 \u20ac\/mois. Celui \u00e0 49 \u20ac par mois relie votre nom de domaine.<\/p>\n<p>Ces plateformes sont compatibles (plus ou moins facilement)\u00a0avec\u00a0Dropshipprint.\u00a0Vous\u00a0trouverez une liste de\u00a0fournisseurs textile et profiterez de nos services d&rsquo;impression \u00e0 la demande.<\/p>\n<p>Aucun\u00a0minimum de commande n&rsquo;est requis. L&rsquo;impression est de qualit\u00e9 et est effectu\u00e9e dans les 48H (jours ouvrables) apr\u00e8s la r\u00e9ception de la commande. Dropshipprint, localis\u00e9e en France, s&rsquo;engage \u00e0 livrer\u00a0vos clients en 48H et assure la r\u00e9impression des commandes si elles pr\u00e9sentent\u00a0un quelconque d\u00e9faut.<\/p>\n<p>Vous pourrez cr\u00e9er votre compte client gratuitement et ne payer que lorsqu&rsquo;une commande sera effectu\u00e9e.<\/p>\n<h3>Les conseils de nos experts pour bien choisir votre CMS<\/h3>\n<p>Afin de s\u00e9lectionner l&rsquo;outil\u00a0qui r\u00e9pondra au mieux \u00e0 vos besoins, vous devez\u00a0d\u00e9finir :<\/p>\n<h4>Votre activit\u00e9<\/h4>\n<p>Votre objectif en Print On Demand est de mettre en ligne et de vendre des produits. Par cons\u00e9quent, l&rsquo;utilit\u00e9 de votre site est de commercialiser vos produits personnalis\u00e9s.<\/p>\n<p>Cr\u00e9ez alors une vitrine ou une boutique. Vous pouvez vous servir des outils mentionn\u00e9s pr\u00e9c\u00e9demment pour monter votre site. Ils correspondent parfaitement \u00e0 ces cat\u00e9gories de site Internet.<\/p>\n<p>Si votre projet est autre, informez-vous sur les modules et extensions propos\u00e9s par chacun.<\/p>\n<h4>Votre budget<\/h4>\n<p>Peu importe la complexit\u00e9 de votre site\u00a0ou la maturit\u00e9 de votre projet, le budget \u00e0 un impact direct sur le choix du concepteur web.<\/p>\n<p>Vous lancer dans le dropshipping sans budget vous limitera automatiquement dans le choix de l&rsquo;outil.<\/p>\n<p>Si\u00a0vous ne ressentez pas le besoin d&rsquo;ouvrir votre site de e-commerce tout de suite, vous pouvez parfaitement mettre de l&rsquo;argent de c\u00f4t\u00e9 et choisir\u00a0des Marketplaces telles que Amazon, Spreadshirt, Teezily, Teespring, Etsy et\u00a0Redbubble.<\/p>\n<p>Ces Marketplaces vous donnent la possibilit\u00e9 de vendre vos produits sur leur site de e-commerce en \u00e9change d&rsquo;une commission. Cette solution \u00e9limine le fort\u00a0l&rsquo;investissement financier.<\/p>\n<h3>Conclusion<\/h3>\n<p>Vous \u00eates d\u00e9sormais sur le point de lancer votre site de e-commerce en print on demand avec l&rsquo;outil de gestion\u00a0qui correspond le mieux \u00e0 vos besoins. Nous avons h\u00e2te de recevoir vos commandes et livrer vos premiers clients.<\/p>\n<h3>Ces autres sujets vous int\u00e9resseront \u00e9galement :<\/h3>\n<ul>\n<li><a href=\"https:\/\/dropshipprint.fr\/guide\/niches\/\" target=\"_blank\" rel=\"noopener noreferrer\">Les diff\u00e9rentes niches dans le Print On Demand<\/a><\/li>\n<li><a href=\"https:\/\/dropshipprint.fr\/guide\/monetisation\/\" target=\"_blank\" rel=\"noopener noreferrer\">Mon\u00e9tiser son audience avec le Print On Demand<\/a><\/li>\n<li><a href=\"https:\/\/dropshipprint.fr\/guide\/plateformes\/\" target=\"_blank\" rel=\"noopener noreferrer\">Liste des plateformes de Print On Demand<\/a><\/li>\n<li><a href=\"https:\/\/dropshipprint.fr\/guide\/techniques-marquage\/\" target=\"_blank\" rel=\"noopener noreferrer\">Les techniques de marquage et personnalisation textile<\/a><\/li>\n<li><a href=\"https:\/\/dropshipprint.fr\/guide\/labels-certification-bio\/\" target=\"_blank\" rel=\"noopener noreferrer\">Les diff\u00e9rents labels et certifications textiles biologiques<\/a><\/li>\n<li><a href=\"https:\/\/dropshipprint.fr\/guide\/grossiste-vetement-textile\/\" target=\"_blank\" rel=\"noopener noreferrer\">Grossiste de textiles et v\u00eatements<\/a><\/li>\n<li><a href=\"https:\/\/dropshipprint.fr\/guide\/ressources\/\" target=\"_blank\" rel=\"noopener noreferrer\">Ressources diverses Impression et Print On Demand<\/a><\/li>\n<\/ul>\n","protected":false},"excerpt":{"rendered":"<p>Comment faire du Print On Demand avec un\u00a0CMS\u00a0? Vous n&rsquo;\u00eates ni webmaster ni\u00a0d\u00e9veloppeur, mais\u00a0vous voulez&#8230;<\/p>\n","protected":false},"author":1,"featured_media":0,"parent":144,"menu_order":0,"comment_status":"closed","ping_status":"closed","template":"","meta":{"footnotes":""},"aioseo_notices":[],"_links":{"self":[{"href":"https:\/\/dropshipprint.fr\/guide\/wp-json\/wp\/v2\/pages\/7"}],"collection":[{"href":"https:\/\/dropshipprint.fr\/guide\/wp-json\/wp\/v2\/pages"}],"about":[{"href":"https:\/\/dropshipprint.fr\/guide\/wp-json\/wp\/v2\/types\/page"}],"author":[{"embeddable":true,"href":"https:\/\/dropshipprint.fr\/guide\/wp-json\/wp\/v2\/users\/1"}],"replies":[{"embeddable":true,"href":"https:\/\/dropshipprint.fr\/guide\/wp-json\/wp\/v2\/comments?post=7"}],"version-history":[{"count":9,"href":"https:\/\/dropshipprint.fr\/guide\/wp-json\/wp\/v2\/pages\/7\/revisions"}],"predecessor-version":[{"id":737,"href":"https:\/\/dropshipprint.fr\/guide\/wp-json\/wp\/v2\/pages\/7\/revisions\/737"}],"up":[{"embeddable":true,"href":"https:\/\/dropshipprint.fr\/guide\/wp-json\/wp\/v2\/pages\/144"}],"wp:attachment":[{"href":"https:\/\/dropshipprint.fr\/guide\/wp-json\/wp\/v2\/media?parent=7"}],"curies":[{"name":"wp","href":"https:\/\/api.w.org\/{rel}","templated":true}]}}