{"id":564,"date":"2019-12-18T12:49:51","date_gmt":"2019-12-18T11:49:51","guid":{"rendered":"https:\/\/dropshipprint.fr\/guide\/?page_id=564"},"modified":"2019-12-18T13:19:49","modified_gmt":"2019-12-18T12:19:49","slug":"impression-numerique","status":"publish","type":"page","link":"https:\/\/dropshipprint.fr\/guide\/techniques-marquage\/impression-numerique\/","title":{"rendered":"L&rsquo;impression num\u00e9rique"},"content":{"rendered":"<p>&nbsp;<\/p>\n<h3>D\u00e9couvrez \u00e9galement ces autres techniques de marquage :<\/h3>\n<ul>\n<li><a href=\"https:\/\/dropshipprint.fr\/guide\/techniques-marquage\/broderie\/\" target=\"_blank\" rel=\"noopener noreferrer\">La broderie textile<\/a><\/li>\n<li><a href=\"https:\/\/dropshipprint.fr\/guide\/techniques-marquage\/transfert-serigraphique\/\" target=\"_blank\" rel=\"noopener noreferrer\">Le transfert s\u00e9rigraphique<\/a><\/li>\n<li><a href=\"https:\/\/dropshipprint.fr\/guide\/techniques-marquage\/flex-flock-flocage\/\" target=\"_blank\" rel=\"noopener noreferrer\">La flocage : flex ou flock<\/a><\/li>\n<li><a href=\"https:\/\/dropshipprint.fr\/guide\/techniques-marquage\/serigraphie\/\" target=\"_blank\" rel=\"noopener noreferrer\">La s\u00e9rigraphie<\/a><\/li>\n<li><a href=\"https:\/\/dropshipprint.fr\/guide\/techniques-marquage\/flocage\/\" target=\"_blank\" rel=\"noopener noreferrer\">Le flocage textile<\/a><\/li>\n<li><a href=\"https:\/\/dropshipprint.fr\/guide\/techniques-marquage\/sublimation\/\" target=\"_blank\" rel=\"noopener noreferrer\">La sublimation<\/a><\/li>\n<\/ul>\n","protected":false},"excerpt":{"rendered":"<p>&nbsp; D\u00e9couvrez \u00e9galement ces autres techniques de marquage : La broderie textile Le transfert s\u00e9rigraphique&#8230;<\/p>\n","protected":false},"author":1,"featured_media":0,"parent":542,"menu_order":0,"comment_status":"closed","ping_status":"closed","template":"","meta":{"footnotes":""},"aioseo_notices":[],"_links":{"self":[{"href":"https:\/\/dropshipprint.fr\/guide\/wp-json\/wp\/v2\/pages\/564"}],"collection":[{"href":"https:\/\/dropshipprint.fr\/guide\/wp-json\/wp\/v2\/pages"}],"about":[{"href":"https:\/\/dropshipprint.fr\/guide\/wp-json\/wp\/v2\/types\/page"}],"author":[{"embeddable":true,"href":"https:\/\/dropshipprint.fr\/guide\/wp-json\/wp\/v2\/users\/1"}],"replies":[{"embeddable":true,"href":"https:\/\/dropshipprint.fr\/guide\/wp-json\/wp\/v2\/comments?post=564"}],"version-history":[{"count":3,"href":"https:\/\/dropshipprint.fr\/guide\/wp-json\/wp\/v2\/pages\/564\/revisions"}],"predecessor-version":[{"id":740,"href":"https:\/\/dropshipprint.fr\/guide\/wp-json\/wp\/v2\/pages\/564\/revisions\/740"}],"up":[{"embeddable":true,"href":"https:\/\/dropshipprint.fr\/guide\/wp-json\/wp\/v2\/pages\/542"}],"wp:attachment":[{"href":"https:\/\/dropshipprint.fr\/guide\/wp-json\/wp\/v2\/media?parent=564"}],"curies":[{"name":"wp","href":"https:\/\/api.w.org\/{rel}","templated":true}]}}