{"id":455,"date":"2019-12-16T17:14:09","date_gmt":"2019-12-16T16:14:09","guid":{"rendered":"https:\/\/dropshipprint.fr\/guide\/?page_id=455"},"modified":"2019-12-18T11:45:14","modified_gmt":"2019-12-18T10:45:14","slug":"oeko-tex","status":"publish","type":"page","link":"https:\/\/dropshipprint.fr\/guide\/labels-certification-bio\/oeko-tex\/","title":{"rendered":"Tout savoir sur le label Oeko-Tex Bio"},"content":{"rendered":"<h2>Qu&rsquo;est ce que le label Oeko-Tex dans le domaine du textile bio ?<\/h2>\n<p>OEKO-TEX\u00ae STANDARD 100 est l&rsquo;un des <a href=\"https:\/\/dropshipprint.fr\/guide\/labels-certification-bio\/\" target=\"_blank\" rel=\"noopener noreferrer\">labels<\/a> les plus connues dans le secteur des textiles test\u00e9s pour les substances nocives. Cela est synonyme de confiance pour les clients et d&rsquo;une forte s\u00e9curit\u00e9 envers le textile. D\u00e9couvrez ce que signifie STANDARD 100 et pourquoi il vaut la peine de v\u00e9rifier la pr\u00e9sence de ce label lors de l&rsquo;achat de vos textiles.<\/p>\n<p>Voici une vid\u00e9o (en Allemand) pr\u00e9sentant l&rsquo;ensemble des dispositifs :<\/p>\n<p><iframe loading=\"lazy\" src=\"https:\/\/www.youtube.com\/embed\/8Ac-hIlvdTM\" width=\"560\" height=\"315\" frameborder=\"0\" allowfullscreen=\"allowfullscreen\"><\/iframe><\/p>\n<h3>Que signifie ce label ?<\/h3>\n<p>Si un textile porte le label STANDARD 100, vous pouvez \u00eatre certain que chaque composant de cet article, c&rsquo;est-\u00e0-dire chaque fil, bouton et autres accessoires, a \u00e9t\u00e9 test\u00e9 pour les substances nocives et que l&rsquo;article est donc inoffensif d&rsquo;un point de vue \u00e9cologique. Le test est effectu\u00e9 par les instituts partenaires ind\u00e9pendants OEKO-TEX\u00ae sur la base des tr\u00e8s nombreux et diversifi\u00e9s crit\u00e8res OEKO-TEX\u00ae. Dans le test, ces derniers prennent en compte de nombreuses substances r\u00e9glement\u00e9es et non r\u00e9glement\u00e9es, qui peuvent \u00eatre nocives pour la sant\u00e9 humaine. Dans de nombreux cas, les valeurs limites du STANDARD 100 vont au-del\u00e0 des exigences nationales et internationales. Le catalogue de crit\u00e8res est mis \u00e0 jour au moins une fois par an et compl\u00e9t\u00e9 par de nouvelles connaissances scientifiques ou exigences l\u00e9gales. Il n&rsquo;est pas facile pour les fabricants de textiles de se tenir inform\u00e9 des toutes derni\u00e8res r\u00e9glementations et d\u00e9cisions juridiques concernant les substances nocives. Les experts des instituts OEKO-TEX\u00ae le font pour eux et interviennent en tant que conseils.<\/p>\n<h3>Quels textiles peuvent \u00eatre certifi\u00e9s ?<\/h3>\n<p>En principe, tous les articles textiles, \u00e0 chaque \u00e9tape de leur transformation, peuvent obtenir la certification STANDARD 100, depuis les fils jusqu&rsquo;aux tissus finis en passant par les produits finis. Selon un syst\u00e8me modulaire, OEKO-TEX\u00ae teste chaque composant et chaque ingr\u00e9dient avant que l&rsquo;article final ne soit autoris\u00e9 \u00e0 porter le label STANDARD 100. Cela comprend les fils, les boutons, les fermetures \u00e9clair et les doublures. Les impressions et les rev\u00eatements appliqu\u00e9s sur le mat\u00e9riau ext\u00e9rieur sont \u00e9galement test\u00e9s pour les substances nocives selon les crit\u00e8res qui leur sont applicables. Qu&rsquo;il s&rsquo;agisse de textiles pour b\u00e9b\u00e9s, de v\u00eatements, de textiles pour la maison ou de mat\u00e9riaux d\u00e9coratifs : les produits portant le label STANDARD 100 peuvent obtenir\u00a0 votre confiance \u00e0 100 % !<\/p>\n<h3>OEKO-TEX\u00ae STANDARD 100 et Dropshipprint<\/h3>\n<p>Ce label Bio a \u00e9t\u00e9 d\u00e9livr\u00e9 \u00e0 notre partenaire, la marque Bio <a href=\"https:\/\/dropshipprint.fr\/guide\/grossiste-vetement-textile\/stanley-stella\/\" target=\"_blank\" rel=\"noopener noreferrer\">Stanley Stella<\/a> ou <a href=\"https:\/\/dropshipprint.fr\/guide\/grossiste-vetement-textile\/sols\/\" target=\"_blank\" rel=\"noopener noreferrer\">Sol&rsquo;S<\/a>.<\/p>\n<h3>Les autres certifications et labels Bio :<\/h3>\n<ul>\n<li>Le <a href=\"https:\/\/dropshipprint.fr\/guide\/labels-certification-bio\/gots\/\" target=\"_blank\" rel=\"noopener noreferrer\">label GOTS<\/a><\/li>\n<li>Ces <a href=\"https:\/\/dropshipprint.fr\/guide\/labels-certification-bio\/ocs-blended-ocs-100\/\" target=\"_blank\" rel=\"noopener noreferrer\">labels OCS<\/a><\/li>\n<li>Le<a href=\"https:\/\/dropshipprint.fr\/guide\/labels-certification-bio\/grs\/\"> label GRS<\/a><\/li>\n<li>La <a href=\"https:\/\/dropshipprint.fr\/guide\/labels-certification-bio\/fair-wear-foundation\/\" target=\"_blank\" rel=\"noopener noreferrer\">fair wear foundation<\/a><\/li>\n<li>Le <a href=\"https:\/\/dropshipprint.fr\/guide\/labels-certification-bio\/vegan-peta\/\" target=\"_blank\" rel=\"noopener noreferrer\">label PETA<\/a><\/li>\n<\/ul>\n","protected":false},"excerpt":{"rendered":"<p>Qu&rsquo;est ce que le label Oeko-Tex dans le domaine du textile bio ? OEKO-TEX\u00ae STANDARD&#8230;<\/p>\n","protected":false},"author":1,"featured_media":0,"parent":431,"menu_order":0,"comment_status":"closed","ping_status":"closed","template":"","meta":{"footnotes":""},"aioseo_notices":[],"_links":{"self":[{"href":"https:\/\/dropshipprint.fr\/guide\/wp-json\/wp\/v2\/pages\/455"}],"collection":[{"href":"https:\/\/dropshipprint.fr\/guide\/wp-json\/wp\/v2\/pages"}],"about":[{"href":"https:\/\/dropshipprint.fr\/guide\/wp-json\/wp\/v2\/types\/page"}],"author":[{"embeddable":true,"href":"https:\/\/dropshipprint.fr\/guide\/wp-json\/wp\/v2\/users\/1"}],"replies":[{"embeddable":true,"href":"https:\/\/dropshipprint.fr\/guide\/wp-json\/wp\/v2\/comments?post=455"}],"version-history":[{"count":13,"href":"https:\/\/dropshipprint.fr\/guide\/wp-json\/wp\/v2\/pages\/455\/revisions"}],"predecessor-version":[{"id":667,"href":"https:\/\/dropshipprint.fr\/guide\/wp-json\/wp\/v2\/pages\/455\/revisions\/667"}],"up":[{"embeddable":true,"href":"https:\/\/dropshipprint.fr\/guide\/wp-json\/wp\/v2\/pages\/431"}],"wp:attachment":[{"href":"https:\/\/dropshipprint.fr\/guide\/wp-json\/wp\/v2\/media?parent=455"}],"curies":[{"name":"wp","href":"https:\/\/api.w.org\/{rel}","templated":true}]}}