{"id":385,"date":"2019-09-21T11:26:24","date_gmt":"2019-09-21T09:26:24","guid":{"rendered":"https:\/\/dropshipprint.fr\/guide\/?page_id=385"},"modified":"2019-12-14T10:45:28","modified_gmt":"2019-12-14T09:45:28","slug":"youtube","status":"publish","type":"page","link":"https:\/\/dropshipprint.fr\/guide\/monetisation\/youtube\/","title":{"rendered":"Mon\u00e9tisation Youtube : comment mon\u00e9tiser une cha\u00eene \/ vid\u00e9o sur Youtbube ?"},"content":{"rendered":"<h1>Mon\u00e9tiser une cha\u00eene \/ vid\u00e9o sur Youtbube<\/h1>\n<h2>Youtbube est un excellent moyen de gagner de l&rsquo;argent avec ses vid\u00e9os et sa cha\u00eene<\/h2>\n<p>En tant que YouTubeur, vous souhaitez forcement am\u00e9liorer l&rsquo;engagement de vos fans mais aussi <a href=\"https:\/\/dropshipprint.fr\/guide\/monetisation\/\" target=\"_blank\" rel=\"noopener noreferrer\">mon\u00e9tiser<\/a> votre cha\u00eene et vos vid\u00e9os. Dropshipprint, solution d&rsquo;<a href=\"http:\/\/dropshipprint.fr\/\" target=\"_blank\" rel=\"noopener noreferrer\">impression \u00e0 la demande<\/a>, accompagne les YouTubeurs dans leur strat\u00e9gie de mon\u00e9tisation.<\/p>\n<h3>Qu&rsquo;est ce que la mon\u00e9tisation ?<\/h3>\n<p>Sur le Web, le terme mon\u00e9tisation est utilis\u00e9 pour d\u00e9signer la capacit\u00e9 de g\u00e9n\u00e9rer des revenus \u00e0 travers votre site Web , votre blog ou votre cha\u00eene YouTube. La mon\u00e9tisation peut provenir de programmes d&rsquo;affiliation, de commerce \u00e9lectronique, de contenu premium ou de toute autres forme de business.<\/p>\n<h3>La mon\u00e9tisation et vos revenus sur YouTube<\/h3>\n<p>La mon\u00e9tisation est un sujet primordial pour les artistes. En effet, cela vous permettra de vivre de votre passion en cr\u00e9ant votre propre revenu ! Ainsi, vous ne jonglerez plus entre votre travail et votre activit\u00e9 d\u2019influencer !<\/p>\n<p>Toutefois, historiquement, les Youtubeurs ont \u00e9t\u00e9 r\u00e9fractaire au fait de mon\u00e9tiser leurs contenus au travers de publicit\u00e9s.\u00a0 En effet, de nombreux cr\u00e9ateurs de contenus pensent que le fait de s\u2019int\u00e9resser \u00e0 des crit\u00e8res quantitatifs et marketing, comme la r\u00e9ussite d&rsquo;une campagne publicitaire, le nombre de vues, le nombre de clics, nuit \u00e0 la satisfaction du spectateurs. Malgr\u00e9 tout, il est tout \u00e0 fait possible d&rsquo;allier tous ces objectifs et de produire un contenu qualitatif tout en satisfaisant son partenaire.<\/p>\n<p>\u00c0 moins d&rsquo;\u00eatre Norman, Cyprien ou , vous aurez peut-\u00eatre du mal \u00e0 mon\u00e9tiser votre cha\u00eene uniquement avec de la publicit\u00e9. Il ne faut pas oublier que la commission de YouTube est d&rsquo;environ 45 % des gains d&rsquo;un YouTubeur. Par contre, ce dernier vous apporte tellement de vue qu&rsquo;au final, cela reste rentable.<\/p>\n<p>Toutefois, la publicit\u00e9 n&rsquo;est pas l&rsquo;unique moyen de gagner de l&rsquo;argent avec votre cha\u00eene YouTube ! D\u2019ailleurs, ces solutions alternatives vous permettent de vous concentrer davantage sur la qualit\u00e9 de votre contenu que sur le nombre de vue (crit\u00e8res principal lorsque vous vivez de la pub).<\/p>\n<p>Notre \u00e9quipe a analyser de nombreuses cha\u00eene YouTube afin d&rsquo;identifier les diff\u00e9rents canaux de mon\u00e9tisation. Si vous refusez de faire de la communication, si vous ne pouvez pas mon\u00e9tiser vos vid\u00e9os ou si vous souhaitiez ajouter d&rsquo;autres fa\u00e7ons de mon\u00e9tiser vos vid\u00e9os, notre guide vous d\u00e9taille tout cela.<\/p>\n<h3>Pourquoi Youtube ?<\/h3>\n<p>Nous nous sommes tous retrouv\u00e9 un jour devant Youtube, \u00e0 3 H du matin, tout en devant nous lever quelques heures plus tard pour aller travailler. Le visionnage de vid\u00e9os sur internet est devenu une seconde nature dans notre vie de tous les jours.<\/p>\n<p>\u00c0 tel point que d&rsquo;ici fin 2020, le contenu vid\u00e9o g\u00e9n\u00e9rera plus de 80% du trafic en ligne ! Comme vous le savez peut-\u00eatre, la mon\u00e9tisation vid\u00e9o implique d&rsquo;\u00eatre pay\u00e9 pour la publication de vos vid\u00e9os sur des plateformes en ligne. Utiliser des m\u00e9thodes comme l&rsquo;insertion d&rsquo;annonces, l&rsquo;offre d&rsquo;abonnements, l&rsquo;obtention de commandites, la r\u00e9alisation d&rsquo;examens, etc.<\/p>\n<p>Avec plus d&rsquo;un milliard d&rsquo;utilisateurs r\u00e9guliers, YouTube est devenu le deuxi\u00e8me moteur de recherche, juste derri\u00e8re Google (\u00e0 qui appartient cette plateforme). Il s&rsquo;appuie sur le vaste r\u00e9seau d&rsquo;annonceurs de Google pour fournir un mod\u00e8le de partage des revenus aux \u00e9diteurs. Ainsi, de plus en plus de YouTubeurs g\u00e9n\u00e8rent des revenus non n\u00e9gligeable !<\/p>\n<p>Toutefois, tout le monde ne r\u00e9ussit pas et le chemin vers la r\u00e9ussite est long ! En effet, depuis 2018, YouTube a introduit de nouveaux param\u00e8tres pour les \u00e9diteurs qui souhaitent mon\u00e9tiser leurs vid\u00e9os, en donnant la priorit\u00e9 au temps de visionnage par rapport au nombre de vues (c\u2019\u00e9tait anciennement cette objectif qui \u00e9tait privil\u00e9gi\u00e9).<\/p>\n<p>Egalement, il faut savoir que :<\/p>\n<p>&#8211; Les \u00e9diteurs ont besoin d&rsquo;au moins 4 000 heures de visionnage au cours de la derni\u00e8re ann\u00e9e<br \/>\n&#8211; Les \u00e9diteurs doivent avoir un minimum de 1000 abonn\u00e9s<\/p>\n<p>Une fois que vous remplissez ces conditions et adh\u00e9rez aux politiques du programme de partenariat YouTube vous pouvez cr\u00e9er\/connecter votre compte AdSense sur YouTube pour commencer \u00e0 gagner de l&rsquo;argent et g\u00e9n\u00e9rer des revenus !<\/p>\n<h3>Gagner de l\u2019argent sur YouTube ?<\/h3>\n<p>La premi\u00e8re \u00e9tape vers la mon\u00e9tisation de votre vid\u00e9o concerne le fait de cr\u00e9er des contenus niches qui parlent \u00e0 votre audience. Vos vid\u00e9os doivent \u00eatre en ad\u00e9quation avec les attentes, les craintes et les valeurs de votre auditoire. Vous pouvez par exemple, relaisser des tests en ligne, donner des astuces qui r\u00e9pondent \u00e0 des craintes, d\u00e9fendre des id\u00e9es ou \u00e9voquer des sujets d&rsquo;actualit\u00e9.<\/p>\n<p>Vous pouvez tout \u00e0 fait utiliser votre audience actuelle et vos fans pour sonder les sujets \u00e0 \u00e9voquer et les futurs vid\u00e9os que vous r\u00e9aliserez. Ces derniers sont effectivement les mieux plac\u00e9 pour vous dire ce qu&rsquo;ils ont envie de voir ou non. Ainsi, vous allez pouvoir cr\u00e9er un planning de publication avec des dates de sorites pr\u00e9vues et des sujets.<\/p>\n<p>Au fur et \u00e0 mesure, vous connaitre sur le bout des doigts votre audience et vous allez cr\u00e9er des contenus de plus en plus pertinents ! Ainsi, vos fans vous partager de plus en plus vos vid\u00e9os et votre audience va math\u00e9matiquement cro\u00eetre. Une solide base d\u2019abonn\u00e9s est la cl\u00e9s pour mon\u00e9tiser \u00e0 grande \u00e9chelle votre cha\u00eene. Sans cela, vous aurez beaucoup de mal \u00e0 vivre de cette activit\u00e9.<\/p>\n<p>Egalement, les partenaires et les agences privil\u00e9gient des YouTubeurs avec un public tr\u00e8s sp\u00e9cifique. Les marques sont ainsi certaines de touch\u00e9 le client id\u00e9al ! Plus vous \u00eates segment\u00e9 et niche, plus vous mon\u00e9tiserez facilement.<\/p>\n<h3>Les diff\u00e9rents moyen pour gagner de l&rsquo;argent avec Youtube<\/h3>\n<p>Nous avons list\u00e9 par ordre de priorit\u00e9 les moyens pour g\u00e9n\u00e9rer des revenus avec votre cha\u00eene YouTube. Dans chaque section, nous d\u00e9taillons les actions \u00e0 mettre en place et les partenaires qui peuvent vous accompagner dans ces d\u00e9marches.<\/p>\n<h4>Vendre vos propre produits d\u00e9riv\u00e9s<\/h4>\n<p>C&rsquo;est une manne extraordinaire pour faire rapidement de l&rsquo;argent, sans investissement ! en effet, vous pouvez tout \u00e0 fait proposer \u00e0 votre communaut\u00e9 d\u2019acqu\u00e9rir des v\u00eatements ou objets \u00e0 l\u2019effigie de votre cha\u00eene !<\/p>\n<p>Voici quelques exemples :<\/p>\n<ul>\n<li>tshirts<\/li>\n<li>sweats<\/li>\n<li>mugs<\/li>\n<li>tote bague<\/li>\n<li>sacs,<\/li>\n<li>tabliers,<\/li>\n<li>trousses &#8230;<\/li>\n<\/ul>\n<p>Non, ce n&rsquo;est pas Youtube qui va imprimer et livre vos fans, mais ce sont des partenaires comme nous ! Vous ne savez pas d\u00e9velopper un site de vente en ligne ? Vous n&rsquo;avez pas de comp\u00e9tences de webdesigner ?<\/p>\n<blockquote><p>PAS DE SOUCIS, Dropshipprint s\u2019occupe de tout !<\/p><\/blockquote>\n<p>Nous avons cr\u00e9e pour votre plus grand bonheur une solution de vente en ligne de produits d\u00e9riv\u00e9s, ultra simple et facile \u00e0 mettre en place. vous pouvez cr\u00e9er vos produits d\u00e9riv\u00e9s en quelques clics et votre boutique sera en ligne en moins de 20 minutes !<\/p>\n<blockquote><p>C&rsquo;est pas beau la vie ?<\/p><\/blockquote>\n<p>Vous n&rsquo;avez pas de stock \u00e0 g\u00e9rer : nous assurons l\u2019impression et exp\u00e9dition de votre colis. Nos livrons votre client en votre nom ! Notre service est enti\u00e8rement transparent ! vous n&rsquo;avez qu&rsquo;\u00e0 cr\u00e9er vos visuel, choisir votre produit et en faire la promotion sur votre cha\u00eene YouTube ! Vous n&rsquo;avez pas \u00e0 investir dans du stock et \u00e0 coliser chaque commande, ni \u00e0 vous rendre au bureau de poste !<\/p>\n<p>Nous imprimons entre 1 et 3 jours puis livrons avec notre partenaire Colissimo en 48 H ! Les d\u00e9lais sont ultra rapide et l&rsquo;impression en haute d\u00e9finition.<\/p>\n<p>Pour assurer la promotion, cela est tr\u00e8s simple :<\/p>\n<ul>\n<li>acheter quelques exemplaires de t-shirts et portez les lors de vos vid\u00e9os<\/li>\n<li>indiquez en description de chaque vid\u00e9o, le lien de votre site e-commerce (cr\u00e9\u00e9 avec notre service)<\/li>\n<li>faite la promotion verbalement en rappelant a la fin et \/ ou au d\u00e9but de vos vid\u00e9os que vous venez de lancer votre boutique en ligne<\/li>\n<li>organisez des jeux concours et faite gagner des t-shirts, mugs ou sweats \u00e0 votre audience<\/li>\n<li>faite participer vos fans \u00e0 la conception des designs : il peuvent vous en proposer ou voter pour leur motif pr\u00e9f\u00e9r\u00e9 !<\/li>\n<\/ul>\n<h4>Demander des dons via une cagnotte en ligne<\/h4>\n<p>Toutes les cha\u00eenes ne n\u00e9cessitent pas le m\u00eame investissement : en effet, si vous testez des produits haut de gamme ou hight tech, vous allez devoir les acheter. Et cela a un co\u00fbt ! Par contre, si vous streamez, pr\u00e9sentez des jeux vid\u00e9os ou expliquer le d\u00e9veloppement web, cela est beaucoup moins co\u00fbteux.<\/p>\n<p>Ainsi, vous pouvez demander \u00e0 votre communaut\u00e9 une aide financi\u00e8re pour acheter de nouveaux produits \u00e0 tester.<\/p>\n<p>Pensez \u00e0 demander l&rsquo;avis de fans sur les prochains sujets : ainsi, vous avez plus de chance que ces dernier participent \u00e0 la cagnotte.<\/p>\n<p>Pour cela, vous pouvez utiliser Paypal ou<\/p>\n<h4><strong>l&rsquo;affiliation Amazon<\/strong><\/h4>\n<p>Si votre cha\u00eene propose des tutoriels ou pr\u00e9sente, par exemple, des outils de bricolage, vos fans vont certainement vouloir utiliser le m\u00eame mat\u00e9riel que vous ! Vous l&rsquo;avez test\u00e9 et assurez que celui-ci est de bonne qualit\u00e9 \/ fonctionnel (ou non).<\/p>\n<p>Pourquoi ne pas leur indiquer un lien direct pour acheter ce produit ? Et en plus, vous touchez une commission sur les ventes !<\/p>\n<p>C&rsquo;est exactement ce que propose Amazon avec l&rsquo;affiliation.\u00a0\u00ab\u00a0Amazon Affiliates\u00a0\u00bb est probablement l&rsquo;un des meilleurs programmes auxquels vous pouvez vous inscrire. Avec plus de 300 millions d&rsquo;utilisateurs actifs sur sa plateforme, il y a de fortes chances que vos visiteurs aient d\u00e9j\u00e0 un compte Amazon ; en outre, la commodit\u00e9 d&rsquo;une livraison rapide est une option pr\u00e9cieuse pour qu&rsquo;ils puissent recevoir rapidement le mat\u00e9riel et commencer \u00e0 l&rsquo;utiliser. Une fois que vous avez cr\u00e9\u00e9 votre compte, vous pouvez indiquer le liens dans vos vid\u00e9os YouTube. Votre communaut\u00e9 peut cliquer\u00a0 et arriver directement sur la page du produit que vous pr\u00e9sentez.<\/p>\n<p>Selon la cat\u00e9gorie du produit, vous touchez un % sur les ventes g\u00e9n\u00e9r\u00e9es. Vous pouvez suivre, depuis votre tableau de bord \u00ab\u00a0Amazon Affiliates\u00a0\u00bb le trafic que vous g\u00e9n\u00e9rez et les commissions sur les ventes.<\/p>\n<h4>Vendre des cours en ligne<\/h4>\n<p>Une autre fa\u00e7on de construire un empire vid\u00e9o est d&rsquo;offrir des cours en ligne. Non, vous n&rsquo;avez pas besoin d&rsquo;\u00eatre certifi\u00e9 dans ce domaine vertical\/sujet tant que vous avez des astuces et des strat\u00e9gies pratiques et utiles que vos \u00e9l\u00e8ves peuvent mettre en \u0153uvre pour obtenir des r\u00e9sultats.<\/p>\n<p>Vous pouvez utiliser la plateforme Udemy par exemple pour vendre vos propres formations et faire la promotion de ces derni\u00e8res dans vos vid\u00e9os et newsletters.<\/p>\n<h4>Faire du placement de produits<\/h4>\n<p>Il est compliqu\u00e9 de trouver des marques \/ partenaires mais vous pouvez vous faire r\u00e9mun\u00e9rer en montrant ou utilisant des outils ou objets dans vos vid\u00e9os. Encore une fois, plus votre cha\u00eene est nich\u00e9e, plus il vous sera facile de trouver des partenaires pour cela.<\/p>\n<p>Parfois, m\u00eame ce sont des cerniers qui vous contacte. Vous pouvez aussi vous inscrire sur les plateformes comme Getfluence ou vous faire connaitre aupr\u00e8s d&rsquo;agences d&rsquo;influence pour \u00eatre directement mis en relation et touch\u00e9 des revenus de ce placement de produits.<\/p>\n<h4>Faire des tests \/ \u00e9valuations d&rsquo;objets<\/h4>\n<p>Les \u00e9valuations d&rsquo;objets sont un excellent moyen de mon\u00e9tiser vos vid\u00e9os. Dans la plupart des cas, non seulement vous obtenez un cadeau (ou le produit est offert), mais votre avis profitera r\u00e9ellement \u00e0 vos abonn\u00e9s. .<\/p>\n<p>En vous rapprochant d&rsquo;agences d&rsquo;influence vous allez pouvoir \u00eatre contact\u00e9 par des marques qui souhaites vous offrir des produits. Par exemple, influence4you est une plateforme sur laquelle vous pouvez vous inscrire gratuitement.<\/p>\n<h4>Se constituer une base E-mail<\/h4>\n<p>Ce n&rsquo;est pas r\u00e9ellement un moyen d&rsquo;augmenter vos revenus \u00e0 court terme, mais \u00e0 long terme cela est tr\u00e8s puissant ! Vous allez rediriger avec un lien sous votre vid\u00e9o, vos fans vers une page d\u2019inscription. Vous leurs proposez d&rsquo;indiquer leurs adresses e-mail pour recevoir des contenus pr\u00e9cis et surtout in\u00e9dits !<\/p>\n<p>En utilisant une newsletter, vous pouvez promouvoir vos vid\u00e9os, des liens vers Amazon, les placements de produits, vos partenaires et bien entendu vos produits d\u00e9riv\u00e9s &#8230; Une base e-mail qualifi\u00e9e \u00e0 une valeur inestimable ! Toutefois, n&rsquo;oubliez pas de syst\u00e9matiquement proposer un lien de d\u00e9sinscription \u00e0 vos fans. En effet, personne n&rsquo;aime recevoir du spam et ces derniers peuvent, si ils ne souhaitent plus recevoir des informations de votre part, se d\u00e9sabonner.<\/p>\n<p>C&rsquo;est pourquoi, vous devez proposer du contenu \u00e0 forte valeur ajout\u00e9e et partager r\u00e9ellement des \u00e9l\u00e9ments in\u00e9dits dans vos newsletter. Il ne s&rsquo;agit pas de juste leur rappeler de venir voir vos vid\u00e9os sur votre cha\u00eene. Ce conseil et vraiment la cl\u00e9s de la r\u00e9ussite d&rsquo;une strat\u00e9gie d&rsquo;e-mailing.<\/p>\n<h4>Mettre des publicit\u00e9s dans vos vid\u00e9os<\/h4>\n<p>Enfin, comme mentionn\u00e9 pr\u00e9c\u00e9demment, les pub vid\u00e9o sont toujours un excellent moyen d&rsquo;augmenter vos revenus, m\u00eame si les revenus peuvent fluctuer selon les r\u00e8gles donn\u00e9es par YouTube (et cela peut changer sans pr\u00e9avis et impacter ces revenus).<\/p>\n<p>\u00c9tant donn\u00e9 que les \u00e9diteurs sont pay\u00e9s en fonction du nombre de vues et\/ou de clics publicitaires, les types de publicit\u00e9s que vous choisissez et leur placement dans vos vid\u00e9os peuvent faire une \u00e9norme diff\u00e9rence.<\/p>\n<p>Voici les diff\u00e9rents types d&rsquo;annonces qui peuvent \u00eatre ins\u00e9r\u00e9es dans vos vid\u00e9os YouTube :<\/p>\n<ul>\n<li>Annonces pr\u00e9-roll : Un type d&rsquo;annonce assez commun, ces annonces &#8211; souvent skippable &#8211; viennent avant qu&rsquo;une vid\u00e9o ne commence \u00e0 \u00eatre diffus\u00e9e.<\/li>\n<li>Annonces mid-roll : annonce diffus\u00e9e pendant la diffusion d&rsquo;une vid\u00e9o et sont plus rentables si les t\u00e9l\u00e9spectateurs restent dans les parages et s&rsquo;engagent avec votre vid\u00e9o.<\/li>\n<li>Annonces post-roll : annonce qui arrive apr\u00e8s la fin d&rsquo;une vid\u00e9o, ce qui les rend souvent ind\u00e9sirables pour les annonceurs.<\/li>\n<li>Annonces bas\u00e9es sur des images\/du texte : traditionnelles comme des banni\u00e8res d&rsquo;images ou de texte dans la vid\u00e9o ou juste \u00e0 c\u00f4t\u00e9 de celle-ci.<\/li>\n<li>Annonces textuelles in-vid\u00e9o :\u00a0 sont diffus\u00e9es pendant toute la dur\u00e9e de votre vid\u00e9o, occupant un petit espace de l&rsquo;image vid\u00e9o.<\/li>\n<\/ul>\n<h3>Conclusion sur la mon\u00e9tisation de votre cha\u00eene YouTube<\/h3>\n<p>En 2019, il existe de nombreuses autres fa\u00e7ons de mon\u00e9tiser vos vid\u00e9os sur YouTube. Vous pouvez m\u00eame essayer d&rsquo;utiliser les six conseils \u00e9num\u00e9r\u00e9s ci-dessus pour maximiser vos sources de revenus. Faites-moi savoir lesquels vous avez essay\u00e9s et lesquels fonctionnent le mieux pour vous ! Si vous avez d&rsquo;autres conseils, laissez-les dans les commentaires ci-dessous.<\/p>\n<p>&nbsp;<\/p>\n","protected":false},"excerpt":{"rendered":"<p>Mon\u00e9tiser une cha\u00eene \/ vid\u00e9o sur Youtbube Youtbube est un excellent moyen de gagner de&#8230;<\/p>\n","protected":false},"author":1,"featured_media":416,"parent":380,"menu_order":0,"comment_status":"closed","ping_status":"closed","template":"","meta":{"footnotes":""},"aioseo_notices":[],"_links":{"self":[{"href":"https:\/\/dropshipprint.fr\/guide\/wp-json\/wp\/v2\/pages\/385"}],"collection":[{"href":"https:\/\/dropshipprint.fr\/guide\/wp-json\/wp\/v2\/pages"}],"about":[{"href":"https:\/\/dropshipprint.fr\/guide\/wp-json\/wp\/v2\/types\/page"}],"author":[{"embeddable":true,"href":"https:\/\/dropshipprint.fr\/guide\/wp-json\/wp\/v2\/users\/1"}],"replies":[{"embeddable":true,"href":"https:\/\/dropshipprint.fr\/guide\/wp-json\/wp\/v2\/comments?post=385"}],"version-history":[{"count":32,"href":"https:\/\/dropshipprint.fr\/guide\/wp-json\/wp\/v2\/pages\/385\/revisions"}],"predecessor-version":[{"id":421,"href":"https:\/\/dropshipprint.fr\/guide\/wp-json\/wp\/v2\/pages\/385\/revisions\/421"}],"up":[{"embeddable":true,"href":"https:\/\/dropshipprint.fr\/guide\/wp-json\/wp\/v2\/pages\/380"}],"wp:featuredmedia":[{"embeddable":true,"href":"https:\/\/dropshipprint.fr\/guide\/wp-json\/wp\/v2\/media\/416"}],"wp:attachment":[{"href":"https:\/\/dropshipprint.fr\/guide\/wp-json\/wp\/v2\/media?parent=385"}],"curies":[{"name":"wp","href":"https:\/\/api.w.org\/{rel}","templated":true}]}}